of 160 and b?
8
Let j be (-378)/(-78) - 4*5/(-130). Suppose y + 15 = 4*y. What is the greatest common factor of j and y?
5
Let j(z) = -5*z + 5. Let b be j(-7). Let l = -110 - -219. Let c = l - b. What is the greatest common divisor of 23 and c?
23
Let g(l) = 26*l - 44. Let p be g(2). Calculate the highest common factor of 104 and p.
8
Suppose 7 + 3 = 3*f - 2*x, -3*f = -4*x - 2. Let v = 63 + -57. Calculate the highest common factor of v and f.
6
Let q(w) = w**3 + 48*w**2 - w - 41. Let c be q(-48). Calculate the greatest common divisor of 875 and c.
7
Suppose -11*b + 1824 = 13*b. Calculate the highest common divisor of 608 and b.
76
Let r(h) be the second derivative of h**3/2 + 23*h**2/2 - 3*h. Let o be r(-6). Calculate the highest common divisor of 55 and o.
5
Suppose 40 = p + 2*j, -3*j - 70 = -3*p + j. What is the highest common factor of 150 and p?
30
Let t(w) = -54*w + 53*w + 7*w**2 + w**2. Let n be t(2). Suppose 6 = 3*z - n. Calculate the greatest common factor of 108 and z.
12
Let g = 92 - 29. Suppose 2*b - g = -b + 3*y, -2*b = 3*y - 32. Calculate the highest common factor of 76 and b.
19
Let k(p) = p**2 + 6*p - 7. Let g be k(-5). Let a = 19 + g. What is the greatest common factor of a and 63?
7
Let o be (1672/55)/(4/10 - 0). Calculate the greatest common divisor of 1558 and o.
38
Let q(c) = 7*c - 28 + 6*c**2 + 5*c**3 - 6*c**3 + 22. Let j be q(5). What is the highest common factor of 36 and j?
18
Let l be 8/(-3)*(-324)/48. Suppose 0 = -4*t + h + 219 + 282, 5*h - 267 = -2*t. Calculate the greatest common factor of l and t.
18
Suppose -71 = f - 68. Let c be 1 - (17 - 2)/f. Calculate the highest common divisor of c and 48.
6
Let o be ((-163 + -2)/11)/((-3)/22). Calculate the greatest common divisor of o and 30.
10
Let m(s) = 1528*s**3 - 3*s**2 + 1. Let j be m(1). What is the highest common divisor of j and 14?
14
Let c be (36/21)/(54/126). Suppose -42 = -4*t + 4*v + 134, 4*t - 171 = 5*v. Suppose 3*b - 35 = t. What is the greatest common divisor of b and c?
4
Let x(d) = 10*d**3 - 2*d + 1. Suppose -2*u - 92 = -24. Let s be (-3 + u/(-12))*-6. Let y be x(s). What is the highest common divisor of y and 1?
1
Suppose 5*j = -w - 9, 5*w = 4*j + j + 75. Let i be (-1)/2*(-27 + w). Calculate the highest common divisor of i and 8.
8
Let z = -10 - -12. Let o be z + 18/63 + 1048/7. Let l = 44 - 25. Calculate the highest common divisor of l and o.
19
Suppose v + 12 = -3*v, -h + 388 = v. Calculate the highest common divisor of h and 51.
17
Suppose 3*g + g = 0. Suppose -3*f + g*q - 1694 = 2*q, -3*q = 3*f + 1698. Let i = f + 814. What is the greatest common factor of i and 36?
36
Suppose 8*j = 6*j - 10, -3*j - 45 = -3*s. What is the highest common factor of 35 and s?
5
Let r be 1 - -1975 - (144 + -138). Calculate the greatest common factor of r and 20.
10
Let v be (1*-8)/(-2) + 31. Let w = v - 17. Calculate the greatest common factor of w and 198.
18
Let q(d) = 14*d - 252. Let x be q(20). What is the highest common divisor of 63 and x?
7
Let y = -122 - -149. Calculate the highest common factor of 171 and y.
9
Suppose -3*y + 2 = -7. Let l be -2 - (y + -2 - 6). Suppose 3*k + 0*j + 2*j - 59 = 0, l*j + 38 = k. Calculate the highest common divisor of k and 184.
23
Let k be (-16)/104 + (-725)/(-65). Let r be 131/4 + (-2)/(-8). Calculate the highest common divisor of k and r.
11
Suppose 2*k + 5 - 35 = 0. Let s(p) = 2*p**3 - 15*p**2 - 24*p + 33. Let m be s(9). What is the highest common divisor of k and m?
15
Suppose -w = -3*b - 24, -5*w + 3*b = -47 - 13. Suppose 0 = -g + q + w, 37 = 5*g - 3*q - 0. Calculate the greatest common divisor of g and 60.
5
Let r be ((-5)/(-10))/((-3)/(-288)). Let q be -8 - (5 + -33 + 8). Calculate the greatest common factor of r and q.
12
Let i = 16 + -7. Suppose 2*m = -3*o + 224, 5*o - m = 4*o + 68. What is the greatest common divisor of o and i?
9
Suppose 0 = 6*d - 3*d - 33. Let l = d + 3. Calculate the greatest common divisor of 49 and l.
7
Let h = 80 + -45. Let u(n) = 2*n**2 - 8*n + 11. Let i be u(3). Calculate the greatest common divisor of h and i.
5
Let o(a) be the first derivative of 6 - 1/2*a**2 - 13*a. Let z be o(-14). Calculate the greatest common factor of 3 and z.
1
Let z = -583 - -813. Calculate the highest common divisor of z and 10.
10
Let n = -47 - -51. Suppose -3*p = n*p - 35. What is the greatest common factor of p and 55?
5
Let h = 65 + 91. Let b be 2/((-3)/(-108)*6). Calculate the greatest common divisor of b and h.
12
Suppose -2*o + 5*c = -69, -o - 5*c + 63 = 3*o. Suppose 0 = 2*v - 3*m - 110, -7*m + 2*m = 0. What is the highest common divisor of v and o?
11
Let p(s) = s**3 - 7*s**2 + 3*s + 20. Let r be p(9). Calculate the highest common divisor of r and 19.
19
Let g(y) = -14*y - 42. Let t be g(-4). Calculate the highest common divisor of 133 and t.
7
Let p be (73 + -10)/(-4 + 3). Let r = -12 - p. Calculate the highest common factor of 102 and r.
51
Let h(x) = -97*x**3 + 2*x**2 - x - 2. Let i be h(-1). What is the highest common divisor of 245 and i?
49
Let v be 6/(-21) + (-1096)/(-14). Let q = -492 - -505. Calculate the greatest common divisor of q and v.
13
Let m be 4*7 + (-11 - -19). Calculate the highest common factor of m and 22.
2
Let s = 0 + 15. Let c(g) = g**2 - g. Let k be c(2). Suppose -k*l + 10 = 0, 3*r - r + l - 25 = 0. Calculate the greatest common divisor of r and s.
5
Let j = 19 + -17. Suppose 2*v + 5 = -5*b - 2*v, -j*b + 31 = -5*v. Suppose -2*k + 10 = r, 0 = -4*r - 11 + b. Calculate the highest common factor of 18 and k.
6
Let r(l) = -4*l**2 - 16*l + 1. Let u be r(-5). Let k = -12 - u. Let h = -7 - -21. What is the greatest common factor of k and h?
7
Let i(h) = -10*h**3 + h**2 - h - 2. Let z be i(-1). Let s(b) = b**2 - 12*b + 23. Let a be s(z). What is the highest common divisor of 3 and a?
3
Suppose 5 = k - 2. Suppose c = 3*x - 103, 4*x + c = 5*c + 132. What is the highest common divisor of x and k?
7
Suppose 0 = 2*w - 5*c - 87, w - 3*c = -2*w + 108. Suppose 8*s - 25 = w. What is the highest common divisor of 35 and s?
7
Let s(d) = -d**3 + 5*d**2 + 4*d. Let c be s(6). Let f = c - -36. Let y(w) = -39*w - 33. Let o be y(-1). Calculate the greatest common divisor of o and f.
6
Suppose 0 = 4*n - 3 + 35. Let i = 23 + n. What is the greatest common divisor of 165 and i?
15
Let k = -161 + 153. Let y be (k - (3 - 8)) + 13. Let l = -8 - -18. What is the highest common factor of y and l?
10
Let x be 1/((-5)/(-2*30)). Suppose 52 = c - 5*g + x, 0 = 3*c - g - 92. What is the highest common divisor of c and 120?
30
Let d be (-288)/(-15) - (136/(-20) - -6). What is the highest common factor of d and 1080?
20
Let n = 20 + -17. Suppose -3*d + 4*o = -11, 0 = n*d + o - 1. Calculate the greatest common divisor of 1 and d.
1
Let s be -6 - -14 - 30/(-6). Calculate the highest common divisor of s and 403.
13
Let n(p) = 7*p + 0*p**2 - p**2 - 7 + 26. Let r = 501 - 492. Let t be n(r). What is the highest common divisor of 10 and t?
1
Let k be -3 + 21/3 + -2. Suppose -k*u = 2*u - 168. Let o be 7/u - (-22)/12. What is the highest common divisor of o and 8?
2
Let d(a) = a**2. Let n(z) = z**3 - 10*z**2 - 39*z - 7. Let g be n(13). Let p be d(g). Calculate the highest common factor of p and 14.
7
Suppose -3*c - 2*c + 80 = 0. Let u be (16/(-6))/(-4)*3. Let k(d) = 20*d**2. Let v be k(u). What is the greatest common divisor of c and v?
16
Suppose -2*l = 2*q - 132, 194 = 3*q + l + 3*l. Let r(b) = b**3 - 6*b**2 - 3*b. Let d be r(7). What is the highest common divisor of q and d?
14
Let l(k) = -k**3 - 15*k**2 - 16*k. Let w be l(-14). Let z be (-245)/(-20) + 3/4 + 1. What is the greatest common divisor of w and z?
14
Suppose -6*m + m + 4*y - 2 = 0, -5*m + 1 = -3*y. Suppose 2*h - 2*o = 74, h + m*o = -h + 66. Let j = 65 - h. Calculate the greatest common divisor of j and 75.
15
Let t(n) = n**3 - 14*n**2 - 12*n - 6. Let a be t(15). What is the highest common factor of 6 and a?
3
Let d = 180 - 93. Suppose 0 = -j - 2, 0*p - p = 2*j - d. What is the greatest common divisor of p and 13?
13
Let y(v) = -v + 12. Let r be y(10). Suppose 0*h - 12 = h - r*p, 5*h = 4*p - 36. Let d = h + 84. Calculate the highest common divisor of d and 10.
10
Suppose -5*s = -0*s. Suppose z = -s*z. Suppose z*l - 5*l + 100 = 0. What is the greatest common divisor of l 